m) = 2*m**3 + 772*m**2 - 742*m - 286410. Calculate j(-386).
2
Let j(g) = -105*g - 6318. What is j(-60)?
-18
Let u(c) = 19619*c - 176579. Calculate u(9).
-8
Let j(o) = -10*o**2 + 281*o + 5728. Determine j(-14).
-166
Let r(p) = 17386*p + 764948. Determine r(-44).
-36
Let w(h) = 3*h**2 - 8090*h + 24241. Determine w(3).
-2
Let s(a) = -a**3 - 84*a**2 + 1716*a - 76. Calculate s(-101).
25
Let z(t) = t**3 + 156*t**2 - 12165*t + 81. What is z(57)?
-1287
Let l(r) = r**3 + 189*r**2 + 901*r + 29775. Determine l(-185).
-10
Let u(m) = 10273*m + 82606. Give u(-8).
422
Let i(x) = -871*x - 24575. Give i(-28).
-187
Let g(l) = 2348*l - 194682. Give g(83).
202
Let h(f) = -74*f**2 + 499*f - 3995. What is h(8)?
-4739
Let k(v) = v**2 - 442*v - 47275. Give k(-89).
-16
Let f(b) = b**2 + 176326*b + 5288901. Calculate f(-30).
21
Let y(q) = -q**2 - 25271*q + 75825. Give y(3).
3
Let a(w) = 13540*w + 1367659. Calculate a(-101).
119
Let d(v) = 15368*v + 845293. Determine d(-55).
53
Let q(k) = 246*k**3 + k**2 - 654*k + 655. Calculate q(1).
248
Let v(u) = -u**2 + 43266*u - 951385. Calculate v(22).
-17
Let w(j) = -j**3 + 429*j**2 - 7793*j + 74. Calculate w(19).
17
Let d(l) = 44*l**2 - 21427*l + 42835. What is d(2)?
157
Let x(g) = -g**2 - 78*g + 3587. What is x(32)?
67
Let f(a) = 355*a - 48700. Calculate f(137).
-65
Let l(o) = -159476*o + 2073190. What is l(13)?
2
Let d(l) = -l**2 - 79*l - 435. Give d(-34).
1095
Let c(h) = h**2 + 2073*h - 12470. Give c(6).
4
Let p(g) = -g**3 + 808*g**2 - 6365*g - 286. Calculate p(8).
-6
Let l(n) = n**2 - 195*n - 39552. Determine l(319).
4
Let v(z) = -50*z**3 - 497*z**2 + 18*z - 134. Calculate v(-10).
-14
Let f(n) = -16*n**2 - 284*n - 568. What is f(-2)?
-64
Let t(b) = -b**2 + 143008*b - 28989414. Give t(203).
1
Let t(q) = q**3 + 13*q**2 + 11524*q + 103413. Determine t(-9).
21
Let m(t) = t**2 - 8476*t + 404635. Determine m(48).
91
Let z(n) = -12*n**3 + 639*n**2 + 473*n - 52. What is z(54)?
-754
Let c(m) = 11*m**2 - 267*m - 4277. Give c(-11).
-9
Let i(x) = -555*x + 205925. Calculate i(371).
20
Let k(v) = -v**3 + 18*v**2 - 34*v + 1131. What is k(20)?
-349
Let f(g) = -1561*g - 1111396. Calculate f(-712).
36
Let w(y) = 11*y**2 - 3706*y + 18248. Determine w(5).
-7
Let s(i) = i**3 + 10*i**2 + 8*i + 78. What is s(-8)?
142
Let d(i) = 3*i**2 + 18*i - 156. Determine d(-10).
-36
Let l(w) = 2*w**3 + 85*w**2 - 2080*w + 9262. Give l(12).
-2
Let n(v) = -v**3 - 15*v**2 + 29*v + 212. What is n(4)?
24
Let a(k) = 9324*k - 18497. Calculate a(2).
151
Let s(x) = -x**3 + 121*x**2 + 192*x - 23167. Give s(121).
65
Let q(b) = -20325*b + 182949. Calculate q(9).
24
Let z(s) = 902*s + 61293. Give z(-68).
-43
Let q(t) = -9*t**3 - 75*t**2 + 1155*t - 1082. What is q(1)?
-11
Let d(n) = 4502*n + 1098489. Determine d(-244).
1
Let i(v) = -45*v + 10182. Give i(225).
57
Let c(u) = u**2 + 205743*u + 3085890. Give c(-15).
-30
Let v(u) = u**3 - 9*u**2 + 16*u + 367. Give v(-4).
95
Let m(b) = -475*b - 13309. Determine m(-27).
-484
Let z(n) = n**2 + 132*n + 133. What is z(0)?
133
Let z(n) = -72426*n + 2462465. Determine z(34).
-19
Let k(j) = -40757*j - 1018998. Determine k(-25).
-73
Let x(b) = -4256*b - 24689. What is x(-5)?
-3409
Let b(o) = -o**2 + 15162*o + 45497. What is b(-3)?
2
Let f(b) = -22*b**3 - 54*b**2 - 24*b - 108. What is f(-3)?
72
Let t(r) = 2537*r - 49377. Calculate t(20).
1363
Let h(b) = -33*b**2 - 662*b + 8. Determine h(3).
-2275
Let f(a) = 1796*a - 55688. What is f(31)?
-12
Let p(a) = -45770*a - 91469. Give p(-2).
71
Let s(v) = -56*v**2 + 1851*v + 3929. Give s(-2).
3
Let j(b) = -b**3 - 7*b**2 + 14862*b - 29687. Calculate j(2).
1
Let l(d) = 1288106*d + 2576198. Calculate l(-2).
-14
Let l(i) = i**3 - 10*i**2 + 7869*i - 70796. What is l(9)?
-56
Let w(l) = -114*l + 1466. Give w(4).
1010
Let u(r) = -131787*r + 20295203. What is u(154)?
5
Let a(g) = -3*g**2 + 62718*g - 1315765. Calculate a(21).
-10
Let n(k) = -3*k**3 + 446*k**2 - 3378*k + 13. Calculate n(8).
-3
Let s(d) = -d**3 - 297*d**2 - 21588*d + 342. What is s(-170)?
2
Let h(c) = -c**3 - 23*c**2 - 31*c + 68. What is h(-3)?
-19
Let r(j) = j**2 - 260418*j + 2604095. Give r(10).
15
Let z(x) = 544*x - 17280. Determine z(33).
672
Let g(n) = -28523*n + 3850604. Give g(135).
-1
Let c(o) = -4673*o + 34996. What is c(8)?
-2388
Let q(u) = -158*u**2 - 3511*u - 780. Determine q(-22).
-10
Let z(m) = -m**2 - 81*m - 288. Calculate z(-76).
92
Let q(u) = 13*u**3 - 3545*u**2 - 1098*u + 1644. Give q(273).
6
Let s(w) = 12*w**2 + 2438*w + 11872. Determine s(-5).
-18
Let v(y) = 108*y**2 - 2243*y - 520. Determine v(21).
5
Let x(g) = -17*g**3 + 616*g**2 - 105*g + 94. Calculate x(36).
1498
Let i(v) = -9954*v + 7515271. Calculate i(755).
1
Let d(c) = -c**2 + 10145*c - 2435144. Determine d(246).
10
Let c(j) = 22020*j - 132163. What is c(6)?
-43
Let z(w) = w**3 - 17*w**2 - 3207*w + 22943. Calculate z(7).
4
Let v(p) = 3*p**3 - 1129*p**2 + 5934*p + 717. Give v(371).
-25
Let u(a) = 208*a - 4422. Give u(11).
-2134
Let z(b) = -3183*b + 101875. Determine z(32).
19
Let i(d) = 3*d**3 + 126*d**2 - 2555*d + 560. Give i(-57).
-10
Let v(k) = -629904*k - 3779414. Calculate v(-6).
10
Let n(q) = -88*q**2 - 1260*q - 1514. Calculate n(-13).
-6
Let s(i) = -i**2 - 43*i - 448. Calculate s(-15).
-28
Let f(d) = 1035*d + 10705. Determine f(-10).
355
Let h(o) = 2*o**2 + 13*o - 16644. What is h(-98)?
1290
Let l(q) = 5*q + 835. What is l(-143)?
120
Let s(w) = w**3 + 92*w**2 + 148*w - 9253. What is s(-89)?
1338
Let y(f) = 51*f**3 + 258*f**2 + 179*f - 14. Determine y(-4).
134
Let r(v) = -4*v**3 + 266*v**2 + 458*v - 21719. Give r(67).
-11
Let t(i) = -585*i**2 - 2899*i + 123. What is t(-5)?
-7
Let s(u) = u**2 - 2783*u - 95743. Give s(-34).
35
Let t(m) = -1175*m**2 - 84577*m + 1663. Calculate t(-72).
7
Let s(n) = 1851*n - 9120. Determine s(5).
135
Let t(m) = 6*m**3 - 8*m**2 + 12*m + 330. What is t(-5)?
-680
Let c(z) = -z**3 - 4*z**2 + 1397*z + 8276. Give c(-6).
-34
Let m(o) = 48*o**2 - 427*o - 11. What is m(9)?
34
Let z(s) = -15*s**3 + 3016*s**2 - 209*s + 1569. Calculate z(201).
-39
Let l(k) = -k**3 + 24*k**2 + 287*k + 1191. Give l(34).
-611
Let o(f) = -5*f**2 + 87*f + 7935. What is o(-32)?
31
Let s(d) = 3991*d - 894. What is s(1)?
3097
Let l(t) = 46*t**3 + 21*t**2 + t - 11. Calculate l(-2).
-297
Let t(k) = -26*k - 285. Determine t(-12).
27
Let t(i) = -i**2 + 178*i - 3453. Determine t(153).
372
Let m(q) = 17*q + 145. Calculate m(-2).
111
Let p(n) = n**2 + 11699*n - 128840. Determine p(11).
-30
Let n(o) = 3*o**2 + 617*o + 20575. Determine n(-164).
75
Let j(c) = -23*c**2 + 2587*c - 1245. What is j(112)?
-13
Let f(w) = 430*w - 7331. What is f(18)?
409
Let v(d) = -5687*d + 7415835. Calculate v(1304).
-13
Let k(f) = -31*f - 215. Calculate k(-3).
-122
Let d(h) = -2*h**2 - 748*h - 7880. Determine d(-11).
106
Let w(d) = 2*d**3 + 99*d**2 - 324*d - 8694. Calculate w(-51).
27
Let x(d) = -1309*d - 162332. Give x(-124).
-16
Let m(r) = -r**3 - 1220*r**2 + 54289*r + 870. Determine m(43).
10
Let t(j) = 18*j**2 - 373*j + 1850. What is t(5)?
435
Let z(k) = -35*k**2 + 55*k - 259. Calculate z(4).
-599
Let p(f) = f**2 + 121*f + 3361. Give p(-39).
163
Let s(l) = 50396*l - 100791. What is s(2)?
1
Let d(w) = -2*w**3 - 53*w**2 + 4804*w + 145. Give d(-64).
-111
Let j(f) = -2*f**3 + f**2 + 662*f - 83. Give j(-18).
-11
Let a(u) = -220*u - 658. Give a(-4).
222
Let x(t) = 36*t**2 - 16740*t + 192. Calculate x(465).
192
Let k(p) = -683*p + 8353. What is k(12)?
157
Let d(f) = -1095*f**2 + 460994*f + 426. Give d(421).
5
Let r(m) = -m**3 - 107*m**2 + 1732*m + 5350. What is r(-121)?
752
Let m(w) = -3*w**2 - 1230*w + 112434. Determine m(77).
-63
Let o(t) = -19438*t + 894143. Calculate o(46).
-5
Let v(h) = -h**3 - 11*h**2 - 83*h - 118. Determine v(-9).
467
Let w(o) = -3*o**3 - 38*o**2 + 8526*o + 352. Calculate w(-60).
-8
Let v(r) = -38037*r + 228224. Calculate v(6).
2
Let p(r) = -82928*r - 2321992. Calculate p(-28).
-8
Let a(k) = -9*k**3 - 239*k**2 - 1373*k + 440. What is a(-9)?
-1
Let y(q) = -q**2 - 2252*q - 110109. What is y(-50)?
-9
Let b(p) = -17875*p + 1644506. What is b(92)?
6
Let x(u) = u**3 + 1391*u**2 + 7195*u + 367285. Calculate x(-1386).
-5
Let q(k) = -8944*k - 124683. Calculate q(-14).
533
Let b(h) = 10532*h + 705648. What is b(-67)?
4
Let i(l) = l**3 - 62*l**2 - 316*l + 8073. What is i(65)?
208
Let x